 1. Let a be 4 - ((-1 - 1) + -1). What is k(a)?
-8
Suppose 2 = -3*j + 11. Suppose -3*n + 15 = -j*w, -4*n + 0*w = 5*w - 2. Let b(h) = -1 - 8 + 2*h - 4*h + n. Determine b(-4).
2
Let b(w) = -5*w. Let z(x) = -11*x. Let t(p) = -5*b(p) + 2*z(p). What is t(4)?
12
Let y(p) be the first derivative of -p**4/4 - p**3/3 - p**2 - 3*p - 33. Calculate y(-2).
5
Let f(c) = -4*c + 41. Let l(i) = -i + 10. Let g(j) = -2*f(j) + 9*l(j). Let w be g(4). Let q(v) be the first derivative of v**2/2 - 2*v - 1. Give q(w).
2
Let b(o) be the third derivative of -o**4/24 + o**3/6 - 9*o**2. Let h = -5 - -8. Suppose 4 = h*x - 2. What is b(x)?
-1
Let p(u) be the third derivative of u**4/24 + 3*u**3/2 + 40*u**2. Give p(-7).
2
Let u(w) = -w**2 - 2*w + 2. Let p be u(-4). Let j(h) = h**3 + 6*h**2 + h. Give j(p).
-6
Let c be (4 - 36/8)*(-2)/4. Let j(i) be the first derivative of 7/2*i**2 + 7*i - 3 - c*i**4 - 5/3*i**3. Determine j(-6).
1
Let l(g) be the first derivative of g**2 + 5*g - 5. Calculate l(-4).
-3
Let i(y) = -y**3 + y**2 - y. Let p be i(1). Let t(j) = 2*j - 4 - j**2 - 3*j - 2*j**2. Let a(k) = -5*k**2 - 2*k - 9. Let l(x) = -4*a(x) + 9*t(x). What is l(p)?
-6
Let g(n) = n**2 - 10*n - 13. Let s be g(11). Let h(i) = i**3 + i**2 - 2*i - 1. Let w be h(s). Let a(v) = -4*v - 2 + 1 - 2*v. Give a(w).
5
Let s(m) = 3*m**3. Let v be s(1). Let b(p) = p**3 + 2 - 2*p + 3*p + 5*p**2 - 3*p - v*p. Let t be b(-6). Let c(g) = g**2 + 5*g - 3. Determine c(t).
-7
Let y(z) = -9*z**2 + z - 1. Let f = 132 + -131. Determine y(f).
-9
Suppose 2*u - 3 = -3*n, 0 = -5*n + 4*u + 28 - 1. Let x(l) = -2 - 1 + n + l. Let a = 1 + -1. Determine x(a).
0
Let f(r) = -r**2 + 5*r + 3. Let x be 6/10 + (-136)/(-40). What is f(x)?
7
Let i(z) = -z**2 - 2*z - 2. Let s = 0 - 0. Let m = -12 - -12. Let a be (-6)/(2 - m) - s. What is i(a)?
-5
Let c(t) = -18*t - 20*t + 39*t + 8*t**2. Let u be (-3)/(-4) - 1/(-4). Give c(u).
9
Let q(n) = n**3 + 2*n**2 + 2*n + 3. Let h be (2/(-4))/((-20)/(-80)). What is q(h)?
-1
Let q(m) = m**3 + 27*m**2 + 25*m - 22. Let d be q(-26). Let o(j) = j**2 - 7*j + 4. Calculate o(d).
-8
Suppose z = -w + 2*w - 9, -2*z = 4*w + 6. Let p(c) = -11*c - 9. Let u(n) = 14*n + 11. Let o(a) = -5*p(a) - 4*u(a). Give o(z).
8
Let b(k) = 2*k**2 + 1 - 2*k + 4 + 8*k. Determine b(-4).
13
Suppose 0 = -4*y + m + 16, -y - y - 2*m - 2 = 0. Let j be (-1)/(-4) + 69/12. Let n(r) = r - 2 + 8 - j. Calculate n(y).
3
Let x(j) = -j. Let m be x(-10). Suppose -4*z + m = z. Let b(q) = q - 2. What is b(z)?
0
Let u be -4 - (-4 - 20/(-4)). Let m(s) = -s**3 - 6*s**2 - 6*s - 5. Calculate m(u).
0
Let g(c) = -5*c**3 + c**2 + 2*c - 8. Let m(o) = -3*o**3 + o**2 + o - 5. Let z(j) = -5*g(j) + 8*m(j). Determine z(-4).
-8
Let s(a) = -6*a + 2*a - 2 + 0*a + 3*a. Let r(i) = 2*i + 4. Let g(b) = 6*r(b) + 13*s(b). Calculate g(3).
-5
Let t(f) = -f**2 + 7*f - 3. Let n be t(6). Let v(x) = -3*x - 5*x**3 + 3*x**2 + 2*x + 0*x + 1 + 4*x**3. Determine v(n).
-2
Let j(x) = x**2 - 5*x + 6. Let y be j(4). Let k be -1 - (-6)/(-1 + 3). Let w(m) = -3 + 0*m**y + 2*m**3 - 3*m**2 - 3*m**3 - k*m. What is w(-3)?
3
Let m = -5 + 9. Let u(l) = -3*l - 1. Give u(m).
-13
Suppose -5*b + 2*b = -6. Let w(g) = g + 2*g**2 - g**2 + 0*g**b + 1. Suppose -6*c = -4*c. What is w(c)?
1
Let n(g) be the third derivative of 7*g**6/120 - g**5/60 - 2*g**2. Let y = -107 - -108. Determine n(y).
6
Suppose 5*i + 3*h = -24, -3*h + 8*h = 4*i + 34. Let y(t) = -t - 1. Let p be y(i). Suppose -p*n + 7 + 23 = 0. Let s(l) = l - 11. Calculate s(n).
-5
Let z be (-2)/3*(-42)/28. Let c(f) = 10*f**2 - f. What is c(z)?
9
Let m = 6 + -2. Let n(u) = -5*u**2 + u**3 + 9*u + 3 - 19*u + 12*u. Determine n(m).
-5
Suppose 3*o + o + n + 26 = 0, -5*o = 4*n + 38. Let f(u) = -u**2 - 8*u - 2. Determine f(o).
10
Let d(s) be the third derivative of -13*s**5/60 - s**4/24 + 3*s**2. Determine d(-1).
-12
Let q(j) = -j. Let d = -36 - -30. Give q(d).
6
Let k(g) = g - 6. Let o be k(4). Let h(m) = 5*m**2 + m + 5. Let r(l) = 4*l**2 + l + 4. Let i(v) = 5*h(v) - 6*r(v). What is i(o)?
7
Let h(a) be the first derivative of a**4/4 - 4*a**3/3 + 4*a + 103. Let s(z) = -6*z**2 + z**2 - 4*z**3 - 8 + 3*z**3 + 4*z. Let t be s(-6). Give h(t).
4
Let m(r) = -5*r**2 + 5*r - 1. Let o(h) = -9*h**2 + 9*h - 1. Let g(u) = 5*m(u) - 3*o(u). Let j = 22 + -20. Determine g(j).
2
Let l = 6 + -4. Let y be ((-1)/l)/((-1)/8). Let b(r) be the second derivative of -r**4/12 + r**3/2 - 7*r. Calculate b(y).
-4
Let k(n) = -n**3 + n + 1. Let z = 0 - 0. What is k(z)?
1
Let f(h) = -h**3 - h + 1. Let o be f(0). Let j(i) = -4*i + 3*i - o + i**2 - 2*i**2. Suppose -2*b = -3*c, -c - b - 4 = -3*b. What is j(c)?
-7
Let h(g) = -7*g + 4. Let m(k) be the second derivative of -k**3 + 2*k**2 + 7*k. Let z(r) = -5*h(r) + 6*m(r). Let f(w) = 3*w. Let c be f(1). What is z(c)?
1
Let p(u) = -u - 3. Suppose -2*l - l = -15. What is p(l)?
-8
Let g(u) = u**3 + 6*u**2 - 2*u - 9. Let c be g(-6). Let w(x) = -c - x - 3 + 1. Let s(b) = b**2 + 9*b + 16. Let a be s(-5). What is w(a)?
-1
Let v(l) be the second derivative of 7*l**3/6 + l**2 + 7*l. Give v(2).
16
Let y(d) = 2*d + 0*d**3 - d**3 - 1 - 3*d**2 + d + 0*d**3. Determine y(-4).
3
Let d(a) = -5*a**2 - 19*a + 17. Let v(g) = -g**2 - 5*g + 4. Let p(l) = 2*d(l) - 9*v(l). Calculate p(5).
8
Let d(n) be the second derivative of n**3/2 + 3*n**2 - 5*n. Give d(-4).
-6
Let f be (3 + -2 + 0)/(-1). Let n(d) = -6*d**2 + d. Determine n(f).
-7
Let r(y) = -100*y + 50*y - 6 + 48*y. Give r(-5).
4
Let g(d) = 2*d**3 - 11*d**2 + 8*d + 20. Let c(i) = 3*i**3 - 16*i**2 + 12*i + 30. Let j(z) = -5*c(z) + 8*g(z). Let v = -4 - -11. Give j(v).
-11
Let f = 10 + -7. Let x(q) = -q**3 + 2*q**2 + 3. Let z be x(f). Let u(s) = s**2 - 1. Let v(n) = n**3 + 10*n**2 + 5*n - 5. Let k(i) = 3*u(i) - v(i). Give k(z).
-4
Let b(x) = x**3 - 2*x**2 + 2. Let o be b(2). Let r(w) be the third derivative of -w**5/20 + w**4/24 + w**3/6 + w**2 - 139. Calculate r(o).
-9
Suppose 0 = 3*j - 6 - 0. Let w(o) = -3*o + 0*o**3 - 4*o**3 - 2 - 3*o**2 + j*o + 2*o**3. Give w(-2).
4
Let x = 55 + -61. Let b(o) = -o**3 - 5*o**2 + 6*o - 5. What is b(x)?
-5
Let r(x) be the first derivative of 2*x**2 - 7*x - 2. Determine r(5).
13
Let i(k) = 7*k**2 - 2*k + 1. Suppose -5*r + 7 = -3. Let p(w) = 20*w**2 - 7*w + 3. Let d(j) = r*p(j) - 7*i(j). Determine d(1).
-10
Let p(n) = -2*n**3 - 3*n**2 + 2*n - 3. Let b be p(-3). Let h = -17 + b. Let r(k) = -3*k + 1. What is r(h)?
-2
Let w = -5 + 6. Let l(a) = -4 - 1 + 2 - w - a**3 - 5*a + 6*a**2. Calculate l(5).
-4
Suppose -h = -5*w - 18, -18 = h + 5*w + 4. Let o(n) = -39*n - 41*n - 1 + 3*n**2 - 1 + 82*n. Give o(h).
6
Let s(m) = -m + 1 - 3 + m - m. Suppose -2*w = -2, -5*b + 5*w - 29 = w. What is s(b)?
3
Let z(d) be the first derivative of d**4/2 + 2*d**3/3 - d - 28. Determine z(-1).
-1
Suppose -4*u + 0 = -4, -26 = 5*d - u. Let w = 7 - 3. Let n(i) = -9*i - 5 + w*i - i**2 - 2*i. Determine n(d).
5
Let v(o) = o + 3. Let w(a) = 0*a - a**2 + 13 + 4*a + 4*a. Let m be w(9). Calculate v(m).
7
Let c(r) = 3*r + 2. Let u(n) = 5*n + 4. Let f(g) = -7*c(g) + 4*u(g). Determine f(-2).
4
Suppose 0 = -5*a + 15 - 0. Let c(z) = -9*z + 13*z - 3*z**3 - 3*z + 2*z**2 + 0*z**a + 2. What is c(2)?
-12
Suppose 2*a - 18 = 3*j, 4*a + j - 5 = a. Let g(l) be the second derivative of 0 - 1/2*l**3 + 1/12*l**4 - 1/2*l**2 - l. Give g(a).
-1
Let s(x) = 6*x**3 - 2*x**2 - 4*x. Let r(t) = -5*t**3 + 3*t**2 + 5*t - 1. Let w(b) = 5*r(b) + 4*s(b). What is w(8)?
3
Let k be 1 + 0 + 1 + -1. Let o = k - 0. Let y(x) = -5*x**3 + x**2 - x + 1. Determine y(o).
-4
Let l(f) be the third derivative of f**6/120 - f**5/20 + f**4/8 - f**3/3 + 4*f**2 + f. What is l(4)?
26
Let k(f) = -2*f - 12. Let d be 6/15 + (-252)/30. What is k(d)?
4
Let a = -15 + 20. Let j(x) be the second derivative of x**5/20 - 5*x**4/12 + x**3/6 - 2*x**2 + 4*x. Determine j(a).
1
Let l(k) = -7*k - 2. Let z(o) = 9*o + 3. Let s(q) = 4*l(q) + 3*z(q). Calculate s(1).
0
Let c(t) = -t**3 + 7*t**2 + t - 7. Let n be c(7). Let f(j) be the third derivative of j**6/120 + 2*j**3/3 - 16*j**2. Give f(n).
4
Let q(r) be the third derivative of -r**6/720 + r**5/24 - r**4/12 - 4*r**2. Let a(u) be the second derivative of q(u). Determine a(0).
5
Let c(r) = r**3 - 8*r**2 + 6*r + 10. Suppose 3*t + 3*w - 24 = 2*w, 4*w = 3*t - 9. Give c(t).
3
Let f(d) = -d**3 + 6*d**2 - d + 5. Let w be f(6). Suppose